{"id":157,"date":"2023-03-20T18:55:07","date_gmt":"2023-03-20T14:55:07","guid":{"rendered":"https:\/\/patjaune.re\/?page_id=157"},"modified":"2024-08-15T14:46:55","modified_gmt":"2024-08-15T10:46:55","slug":"acceuil","status":"publish","type":"page","link":"https:\/\/patjaune.re\/","title":{"rendered":"Vente d&rsquo;\u00e9pices en ligne \u00e0 l&rsquo;\u00eele de la R\u00e9union"},"content":{"rendered":"\n<figure class=\"wp-block-gallery has-nested-images columns-default is-cropped wp-block-gallery-1 is-layout-flex wp-block-gallery-is-layout-flex\">\n<figure class=\"wp-block-image size-large\"><img loading=\"lazy\" decoding=\"async\" width=\"640\" height=\"512\" data-id=\"183\" src=\"https:\/\/i0.wp.com\/patjaune.re\/wp-content\/uploads\/2023\/03\/Nos-marches.png?resize=640%2C512&#038;ssl=1\" alt=\"\" class=\"wp-image-183\" srcset=\"https:\/\/i0.wp.com\/patjaune.re\/wp-content\/uploads\/2023\/03\/Nos-marches.png?resize=1024%2C819&amp;ssl=1 1024w, https:\/\/i0.wp.com\/patjaune.re\/wp-content\/uploads\/2023\/03\/Nos-marches.png?resize=300%2C240&amp;ssl=1 300w, https:\/\/i0.wp.com\/patjaune.re\/wp-content\/uploads\/2023\/03\/Nos-marches.png?resize=768%2C614&amp;ssl=1 768w, https:\/\/i0.wp.com\/patjaune.re\/wp-content\/uploads\/2023\/03\/Nos-marches.png?resize=1200%2C960&amp;ssl=1 1200w, https:\/\/i0.wp.com\/patjaune.re\/wp-content\/uploads\/2023\/03\/Nos-marches.png?w=1500&amp;ssl=1 1500w, https:\/\/i0.wp.com\/patjaune.re\/wp-content\/uploads\/2023\/03\/Nos-marches.png?w=1280&amp;ssl=1 1280w\" sizes=\"auto, (max-width: 640px) 100vw, 640px\" data-recalc-dims=\"1\" \/><figcaption class=\"wp-element-caption\">\u00eele de la R\u00e9unio<\/figcaption><\/figure>\n\n\n\n<figure class=\"wp-block-image size-large\"><img loading=\"lazy\" decoding=\"async\" width=\"640\" height=\"512\" data-id=\"198\" src=\"https:\/\/i0.wp.com\/patjaune.re\/wp-content\/uploads\/2023\/03\/monage-stand.png?resize=640%2C512&#038;ssl=1\" alt=\"\" class=\"wp-image-198\" srcset=\"https:\/\/i0.wp.com\/patjaune.re\/wp-content\/uploads\/2023\/03\/monage-stand.png?resize=1024%2C819&amp;ssl=1 1024w, https:\/\/i0.wp.com\/patjaune.re\/wp-content\/uploads\/2023\/03\/monage-stand.png?resize=300%2C240&amp;ssl=1 300w, https:\/\/i0.wp.com\/patjaune.re\/wp-content\/uploads\/2023\/03\/monage-stand.png?resize=768%2C614&amp;ssl=1 768w, https:\/\/i0.wp.com\/patjaune.re\/wp-content\/uploads\/2023\/03\/monage-stand.png?resize=1200%2C960&amp;ssl=1 1200w, https:\/\/i0.wp.com\/patjaune.re\/wp-content\/uploads\/2023\/03\/monage-stand.png?w=1500&amp;ssl=1 1500w, https:\/\/i0.wp.com\/patjaune.re\/wp-content\/uploads\/2023\/03\/monage-stand.png?w=1280&amp;ssl=1 1280w\" sizes=\"auto, (max-width: 640px) 100vw, 640px\" data-recalc-dims=\"1\" \/><\/figure>\n<\/figure>\n\n\n\n<p>Bienvenue chez Patjaune ! Ici, nous vous proposons une s\u00e9lection soigneusement choisie de m\u00e9langes d&rsquo;\u00e9pices, d&rsquo;herbes et de poivres de qualit\u00e9 sup\u00e9rieure, tous cultiv\u00e9s de mani\u00e8re durable et authentique sur notre petite \u00eele de la R\u00e9union. Travaillant en \u00e9troite collaboration avec des producteurs locaux, nous nous engageons \u00e0 garantir que nos produits sont d&rsquo;une qualit\u00e9 sup\u00e9rieure.<\/p>\n\n\n\n<p>Chez Patjaune, nous sommes passionn\u00e9s par les saveurs uniques de la cuisine cr\u00e9ole r\u00e9unionnaise, qui est influenc\u00e9e par les cultures fran\u00e7aise, indienne, chinoise et africaine. Pour cela, nous sommes fiers de vous offrir une gamme d&rsquo;\u00e9pices parfaites pour les chefs professionnels comme pour les amateurs de cuisine. Que vous cherchiez \u00e0 ajouter de la saveur \u00e0 vos plats pr\u00e9f\u00e9r\u00e9s ou \u00e0 exp\u00e9rimenter de nouvelles recettes, nous avons ce qu&rsquo;il vous faut.<\/p>\n\n\n\n<p>Nous pr\u00e9parons nos m\u00e9langes d&rsquo;\u00e9pices \u00e0 partir d&rsquo;ingr\u00e9dients frais et authentiques, pour des saveurs riches et d\u00e9licieuses qui ajouteront une touche d&rsquo;authenticit\u00e9 r\u00e9unionnaise \u00e0 votre cuisine. Ainsi, vous pourrez savourer la cuisine r\u00e9unionnaise comme si vous y \u00e9tiez ! De plus, nous sommes heureux de vous aider \u00e0 trouver les m\u00e9langes d&rsquo;\u00e9pices qui conviennent le mieux \u00e0 vos besoins, et nous sommes fiers de notre service client\u00e8le attentif et r\u00e9actif.<\/p>\n\n\n\n<p>En somme, rejoignez-nous chez Patjaune et d\u00e9couvrez les saveurs uniques de l&rsquo;\u00eele de la R\u00e9union dans votre propre cuisine. Gr\u00e2ce \u00e0 nos produits frais et authentiques, vous pourrez r\u00e9aliser des recettes savoureuses et originales, tout en ajoutant une touche d&rsquo;exotisme \u00e0 votre assiette.<\/p>\n\n\n\n<div class=\"wp-block-buttons is-layout-flex wp-block-buttons-is-layout-flex\"><\/div>\n","protected":false},"excerpt":{"rendered":"<p>Bienvenue chez Patjaune ! Ici, nous vous proposons une s\u00e9lection soigneusement choisie de m\u00e9langes d&rsquo;\u00e9pices, d&rsquo;herbes et de poivres de qualit\u00e9 sup\u00e9rieure, tous cultiv\u00e9s de mani\u00e8re durable et authentique sur notre petite \u00eele de la R\u00e9union&#8230;.<\/p>\n","protected":false},"author":1,"featured_media":0,"parent":0,"menu_order":0,"comment_status":"closed","ping_status":"closed","template":"","meta":{"footnotes":""},"class_list":["post-157","page","type-page","status-publish","hentry"],"yoast_head":"<!-- This site is optimized with the Yoast SEO plugin v20.6 - https:\/\/yoast.com\/wordpress\/plugins\/seo\/ -->\n<title>Vente d&#039;\u00e9pices en ligne \u00e0 l&#039;\u00eele de la R\u00e9union - patjaune<\/title>\n<meta name=\"robots\" content=\"index, follow, max-snippet:-1, max-image-preview:large, max-video-preview:-1\" \/>\n<link rel=\"canonical\" href=\"https:\/\/patjaune.re\/\" \/>\n<meta property=\"og:locale\" content=\"fr_FR\" \/>\n<meta property=\"og:type\" content=\"article\" \/>\n<meta property=\"og:title\" content=\"Vente d&#039;\u00e9pices en ligne \u00e0 l&#039;\u00eele de la R\u00e9union - patjaune\" \/>\n<meta property=\"og:description\" content=\"Bienvenue chez Patjaune ! Ici, nous vous proposons une s\u00e9lection soigneusement choisie de m\u00e9langes d&rsquo;\u00e9pices, d&rsquo;herbes et de poivres de qualit\u00e9 sup\u00e9rieure, tous cultiv\u00e9s de mani\u00e8re durable et authentique sur notre petite \u00eele de la R\u00e9union....\" \/>\n<meta property=\"og:url\" content=\"https:\/\/patjaune.re\/\" \/>\n<meta property=\"og:site_name\" content=\"patjaune\" \/>\n<meta property=\"article:publisher\" content=\"https:\/\/www.facebook.com\/pat.jaune.reunion\/\" \/>\n<meta property=\"article:modified_time\" content=\"2024-08-15T10:46:55+00:00\" \/>\n<meta property=\"og:image\" content=\"https:\/\/patjaune.re\/wp-content\/uploads\/2023\/03\/Nos-marches-1024x819.png\" \/>\n<meta name=\"twitter:card\" content=\"summary_large_image\" \/>\n<meta name=\"twitter:label1\" content=\"Dur\u00e9e de lecture estim\u00e9e\" \/>\n\t<meta name=\"twitter:data1\" content=\"2 minutes\" \/>\n<script type=\"application\/ld+json\" class=\"yoast-schema-graph\">{\"@context\":\"https:\/\/schema.org\",\"@graph\":[{\"@type\":\"WebPage\",\"@id\":\"https:\/\/patjaune.re\/\",\"url\":\"https:\/\/patjaune.re\/\",\"name\":\"Vente d'\u00e9pices en ligne \u00e0 l'\u00eele de la R\u00e9union - patjaune\",\"isPartOf\":{\"@id\":\"https:\/\/patjaune.re\/#website\"},\"datePublished\":\"2023-03-20T14:55:07+00:00\",\"dateModified\":\"2024-08-15T10:46:55+00:00\",\"breadcrumb\":{\"@id\":\"https:\/\/patjaune.re\/#breadcrumb\"},\"inLanguage\":\"fr-FR\",\"potentialAction\":[{\"@type\":\"ReadAction\",\"target\":[\"https:\/\/patjaune.re\/\"]}]},{\"@type\":\"BreadcrumbList\",\"@id\":\"https:\/\/patjaune.re\/#breadcrumb\",\"itemListElement\":[{\"@type\":\"ListItem\",\"position\":1,\"name\":\"Accueil\",\"item\":\"https:\/\/patjaune.re\/\"},{\"@type\":\"ListItem\",\"position\":2,\"name\":\"Vente d&rsquo;\u00e9pices en ligne \u00e0 l&rsquo;\u00eele de la R\u00e9union\"}]},{\"@type\":\"WebSite\",\"@id\":\"https:\/\/patjaune.re\/#website\",\"url\":\"https:\/\/patjaune.re\/\",\"name\":\"patjaune patjaune.re \u00e9picerie fine \u00e0 l'\u00eele de la R\u00e9union 974\",\"description\":\"Patjaune \u00e9pices \u00e0 l&#039;\u00eele de la R\u00e9union\",\"publisher\":{\"@id\":\"https:\/\/patjaune.re\/#organization\"},\"potentialAction\":[{\"@type\":\"SearchAction\",\"target\":{\"@type\":\"EntryPoint\",\"urlTemplate\":\"https:\/\/patjaune.re\/?s={search_term_string}\"},\"query-input\":\"required name=search_term_string\"}],\"inLanguage\":\"fr-FR\"},{\"@type\":\"Organization\",\"@id\":\"https:\/\/patjaune.re\/#organization\",\"name\":\"patjaune patjaune.re \u00e9picerie fine \u00e0 l'\u00eele de la R\u00e9union 974\",\"url\":\"https:\/\/patjaune.re\/\",\"logo\":{\"@type\":\"ImageObject\",\"inLanguage\":\"fr-FR\",\"@id\":\"https:\/\/patjaune.re\/#\/schema\/logo\/image\/\",\"url\":\"https:\/\/patjaune.re\/wp-content\/uploads\/2023\/03\/logo-patjaune-long-ththym-e1683265045996.png\",\"contentUrl\":\"https:\/\/patjaune.re\/wp-content\/uploads\/2023\/03\/logo-patjaune-long-ththym-e1683265045996.png\",\"width\":623,\"height\":528,\"caption\":\"patjaune patjaune.re \u00e9picerie fine \u00e0 l'\u00eele de la R\u00e9union 974\"},\"image\":{\"@id\":\"https:\/\/patjaune.re\/#\/schema\/logo\/image\/\"},\"sameAs\":[\"https:\/\/www.facebook.com\/pat.jaune.reunion\/\"]}]}<\/script>\n<!-- \/ Yoast SEO plugin. -->","yoast_head_json":{"title":"Vente d'\u00e9pices en ligne \u00e0 l'\u00eele de la R\u00e9union - patjaune","robots":{"index":"index","follow":"follow","max-snippet":"max-snippet:-1","max-image-preview":"max-image-preview:large","max-video-preview":"max-video-preview:-1"},"canonical":"https:\/\/patjaune.re\/","og_locale":"fr_FR","og_type":"article","og_title":"Vente d'\u00e9pices en ligne \u00e0 l'\u00eele de la R\u00e9union - patjaune","og_description":"Bienvenue chez Patjaune ! Ici, nous vous proposons une s\u00e9lection soigneusement choisie de m\u00e9langes d&rsquo;\u00e9pices, d&rsquo;herbes et de poivres de qualit\u00e9 sup\u00e9rieure, tous cultiv\u00e9s de mani\u00e8re durable et authentique sur notre petite \u00eele de la R\u00e9union....","og_url":"https:\/\/patjaune.re\/","og_site_name":"patjaune","article_publisher":"https:\/\/www.facebook.com\/pat.jaune.reunion\/","article_modified_time":"2024-08-15T10:46:55+00:00","og_image":[{"url":"https:\/\/patjaune.re\/wp-content\/uploads\/2023\/03\/Nos-marches-1024x819.png"}],"twitter_card":"summary_large_image","twitter_misc":{"Dur\u00e9e de lecture estim\u00e9e":"2 minutes"},"schema":{"@context":"https:\/\/schema.org","@graph":[{"@type":"WebPage","@id":"https:\/\/patjaune.re\/","url":"https:\/\/patjaune.re\/","name":"Vente d'\u00e9pices en ligne \u00e0 l'\u00eele de la R\u00e9union - patjaune","isPartOf":{"@id":"https:\/\/patjaune.re\/#website"},"datePublished":"2023-03-20T14:55:07+00:00","dateModified":"2024-08-15T10:46:55+00:00","breadcrumb":{"@id":"https:\/\/patjaune.re\/#breadcrumb"},"inLanguage":"fr-FR","potentialAction":[{"@type":"ReadAction","target":["https:\/\/patjaune.re\/"]}]},{"@type":"BreadcrumbList","@id":"https:\/\/patjaune.re\/#breadcrumb","itemListElement":[{"@type":"ListItem","position":1,"name":"Accueil","item":"https:\/\/patjaune.re\/"},{"@type":"ListItem","position":2,"name":"Vente d&rsquo;\u00e9pices en ligne \u00e0 l&rsquo;\u00eele de la R\u00e9union"}]},{"@type":"WebSite","@id":"https:\/\/patjaune.re\/#website","url":"https:\/\/patjaune.re\/","name":"patjaune patjaune.re \u00e9picerie fine \u00e0 l'\u00eele de la R\u00e9union 974","description":"Patjaune \u00e9pices \u00e0 l&#039;\u00eele de la R\u00e9union","publisher":{"@id":"https:\/\/patjaune.re\/#organization"},"potentialAction":[{"@type":"SearchAction","target":{"@type":"EntryPoint","urlTemplate":"https:\/\/patjaune.re\/?s={search_term_string}"},"query-input":"required name=search_term_string"}],"inLanguage":"fr-FR"},{"@type":"Organization","@id":"https:\/\/patjaune.re\/#organization","name":"patjaune patjaune.re \u00e9picerie fine \u00e0 l'\u00eele de la R\u00e9union 974","url":"https:\/\/patjaune.re\/","logo":{"@type":"ImageObject","inLanguage":"fr-FR","@id":"https:\/\/patjaune.re\/#\/schema\/logo\/image\/","url":"https:\/\/patjaune.re\/wp-content\/uploads\/2023\/03\/logo-patjaune-long-ththym-e1683265045996.png","contentUrl":"https:\/\/patjaune.re\/wp-content\/uploads\/2023\/03\/logo-patjaune-long-ththym-e1683265045996.png","width":623,"height":528,"caption":"patjaune patjaune.re \u00e9picerie fine \u00e0 l'\u00eele de la R\u00e9union 974"},"image":{"@id":"https:\/\/patjaune.re\/#\/schema\/logo\/image\/"},"sameAs":["https:\/\/www.facebook.com\/pat.jaune.reunion\/"]}]}},"_links":{"self":[{"href":"https:\/\/patjaune.re\/index.php\/wp-json\/wp\/v2\/pages\/157","targetHints":{"allow":["GET"]}}],"collection":[{"href":"https:\/\/patjaune.re\/index.php\/wp-json\/wp\/v2\/pages"}],"about":[{"href":"https:\/\/patjaune.re\/index.php\/wp-json\/wp\/v2\/types\/page"}],"author":[{"embeddable":true,"href":"https:\/\/patjaune.re\/index.php\/wp-json\/wp\/v2\/users\/1"}],"replies":[{"embeddable":true,"href":"https:\/\/patjaune.re\/index.php\/wp-json\/wp\/v2\/comments?post=157"}],"version-history":[{"count":29,"href":"https:\/\/patjaune.re\/index.php\/wp-json\/wp\/v2\/pages\/157\/revisions"}],"predecessor-version":[{"id":538,"href":"https:\/\/patjaune.re\/index.php\/wp-json\/wp\/v2\/pages\/157\/revisions\/538"}],"wp:attachment":[{"href":"https:\/\/patjaune.re\/index.php\/wp-json\/wp\/v2\/media?parent=157"}],"curies":[{"name":"wp","href":"https:\/\/api.w.org\/{rel}","templated":true}]}}